{"id":235,"date":"2024-04-01T10:54:48","date_gmt":"2024-04-01T10:54:48","guid":{"rendered":"https:\/\/www.aect.es\/?page_id=235"},"modified":"2024-04-01T11:11:09","modified_gmt":"2024-04-01T11:11:09","slug":"quienes-somos","status":"publish","type":"page","link":"https:\/\/www.aect.es\/index.php\/quienes-somos\/","title":{"rendered":"Quienes somos"},"content":{"rendered":"<div class=\"wp-block-image\">\n<figure class=\"aligncenter size-large is-resized\"><img loading=\"lazy\" decoding=\"async\" width=\"1024\" height=\"273\" src=\"http:\/\/www.aect.es\/wp-content\/uploads\/2024\/04\/Cabecera-aect-1024x273.png\" alt=\"\" class=\"wp-image-241\" style=\"width:920px;height:auto\" srcset=\"https:\/\/www.aect.es\/wp-content\/uploads\/2024\/04\/Cabecera-aect-1024x273.png 1024w, https:\/\/www.aect.es\/wp-content\/uploads\/2024\/04\/Cabecera-aect-300x80.png 300w, https:\/\/www.aect.es\/wp-content\/uploads\/2024\/04\/Cabecera-aect-768x204.png 768w, https:\/\/www.aect.es\/wp-content\/uploads\/2024\/04\/Cabecera-aect-1536x409.png 1536w, https:\/\/www.aect.es\/wp-content\/uploads\/2024\/04\/Cabecera-aect-2048x545.png 2048w\" sizes=\"auto, (max-width: 1024px) 100vw, 1024px\" \/><\/figure>\n<\/div>\n\n\n<p><\/p>\n\n\n\n<p>La <strong>Asociaci\u00f3n Espa\u00f1ola de Concesionarios Toyota<\/strong> fue creada en 2003 y desde entonces representamos, fomentamos, gestionamos y defendemos los intereses profesionales, generales y comunes de nuestros miembros asociados en todo el territorio espa\u00f1ol.\u00a0<\/p>\n\n\n\n<p>Nuestra principal misi\u00f3n es la representaci\u00f3n, gesti\u00f3n, defensa y promoci\u00f3n de los intereses leg\u00edtimos de los Concesionarios Asociados mediante la eficaz protecci\u00f3n e impulso del negocio de los mismos. Avanzamos en la renovaci\u00f3n y desarrollo de nuestras estructuras, profundizando en las relaciones con nuestra Marca, basados en una fuerte implicaci\u00f3n con los Concesionarios asociados, con su estrategia y con sus proyectos.<\/p>\n\n\n\n<p>Para conseguirlo, nos fundamentamos en cuatro pilares:&nbsp;<\/p>\n\n\n\n<p>1.&nbsp;&nbsp;&nbsp;&nbsp;&nbsp;&nbsp;&nbsp;<strong>Informaci\u00f3n<\/strong>: Seguimos los indicadores de negocio e informamos a nuestros asociados de todas las novedades que les interesan&nbsp;<\/p>\n\n\n\n<p>2.&nbsp;&nbsp;&nbsp;&nbsp;&nbsp;&nbsp;&nbsp;<strong>Negocio<\/strong>: mejora de los rendimientos de todas las \u00e1reas de negocio del concesionario y la rebaja de sus facturas en m\u00faltiples campos con una mejora de costes mediante el conocimiento de las necesidades reales comunes, expresadas por sus socios&nbsp;<\/p>\n\n\n\n<p>3.&nbsp;&nbsp;&nbsp;&nbsp;&nbsp;&nbsp;&nbsp;<strong>Representaci\u00f3n<\/strong>: Representamos a los asociados e intermediamos ante terceros para la b\u00fasqueda de soluciones a problemas comunes a la Red&nbsp;<\/p>\n\n\n\n<p><strong>AECT<\/strong> forma parte de FACONAUTO, la patronal que integra a todas las Asociaciones de Concesionarios Oficiales de las distintas Marcas de automoci\u00f3n de veh\u00edculos presentes en Espa\u00f1a.\u00a0<\/p>\n\n\n\n<p>En el \u00e1mbito europeo,&nbsp;AECT es miembro asociado de ETDA&nbsp; (European Toyota Dealer Association), que representa los intereses de m\u00e1s de 1.600 Concesionarios de la Marca en Europa.<\/p>\n","protected":false},"excerpt":{"rendered":"<p>La Asociaci\u00f3n Espa\u00f1ola de Concesionarios Toyota fue creada en 2003 y desde entonces representamos, fomentamos, gestionamos y defendemos los intereses profesionales, generales y comunes de nuestros miembros asociados en todo el territorio espa\u00f1ol.\u00a0 Nuestra principal misi\u00f3n es la representaci\u00f3n, gesti\u00f3n, defensa y promoci\u00f3n de los intereses leg\u00edtimos de los Concesionarios&#8230;<\/p>\n","protected":false},"author":1,"featured_media":241,"parent":0,"menu_order":0,"comment_status":"closed","ping_status":"closed","template":"templates\/full-width-page.php","meta":{"footnotes":""},"class_list":["post-235","page","type-page","status-publish","has-post-thumbnail","hentry"],"_links":{"self":[{"href":"https:\/\/www.aect.es\/index.php\/wp-json\/wp\/v2\/pages\/235","targetHints":{"allow":["GET"]}}],"collection":[{"href":"https:\/\/www.aect.es\/index.php\/wp-json\/wp\/v2\/pages"}],"about":[{"href":"https:\/\/www.aect.es\/index.php\/wp-json\/wp\/v2\/types\/page"}],"author":[{"embeddable":true,"href":"https:\/\/www.aect.es\/index.php\/wp-json\/wp\/v2\/users\/1"}],"replies":[{"embeddable":true,"href":"https:\/\/www.aect.es\/index.php\/wp-json\/wp\/v2\/comments?post=235"}],"version-history":[{"count":7,"href":"https:\/\/www.aect.es\/index.php\/wp-json\/wp\/v2\/pages\/235\/revisions"}],"predecessor-version":[{"id":247,"href":"https:\/\/www.aect.es\/index.php\/wp-json\/wp\/v2\/pages\/235\/revisions\/247"}],"wp:featuredmedia":[{"embeddable":true,"href":"https:\/\/www.aect.es\/index.php\/wp-json\/wp\/v2\/media\/241"}],"wp:attachment":[{"href":"https:\/\/www.aect.es\/index.php\/wp-json\/wp\/v2\/media?parent=235"}],"curies":[{"name":"wp","href":"https:\/\/api.w.org\/{rel}","templated":true}]}}